{"id":964,"date":"2020-05-19T20:59:53","date_gmt":"2020-05-19T20:59:53","guid":{"rendered":"http:\/\/www.divinasonrisa.com.ve\/site\/?page_id=964"},"modified":"2020-07-15T18:45:38","modified_gmt":"2020-07-15T18:45:38","slug":"odontopediatria","status":"publish","type":"page","link":"http:\/\/www.divinasonrisa.com.ve\/site\/odontopediatria\/","title":{"rendered":"Odontopediatr\u00eda"},"content":{"rendered":"<p>[vc_row][vc_column]<div class=\"cz_gap clr  hide_on_tablet hide_on_mobile\" style=\"height: 30px\"><\/div><div class=\"cz_gap show_on_tablet clr \" style=\"height: 0px\"><\/div>[\/vc_column][\/vc_row][vc_row][vc_column width=\u00bb1\/3&#8243;]<div id=\"cz_36998\" class=\"cz_36998 cz_image clr cz_image_no_fx center_on_mobile\"><div class=\"\" ><div class=\"cz_image_in\"><div class=\"cz_main_image\"><img width=\"396\" height=\"500\" src=\"data:image\/svg+xml,%3Csvg%20xmlns%3D&#39;http%3A%2F%2Fwww.w3.org%2F2000%2Fsvg&#39;%20width=&#39;396&#39;%20height=&#39;500&#39;%20viewBox%3D&#39;0%200%20396%20500&#39;%2F%3E\" data-czlz data-src=\"http:\/\/www.divinasonrisa.com.ve\/site\/wp-content\/uploads\/2020\/05\/odontopediatria-divina-sonrisa.jpg\" class=\"attachment-full\" alt=\"odontopediatria-divina-sonrisa\" title=\"odontopediatria-divina-sonrisa\" data-srcset=\"http:\/\/www.divinasonrisa.com.ve\/site\/wp-content\/uploads\/2020\/05\/odontopediatria-divina-sonrisa.jpg 396w, http:\/\/www.divinasonrisa.com.ve\/site\/wp-content\/uploads\/2020\/05\/odontopediatria-divina-sonrisa-238x300.jpg 238w\" data-sizes=\"(max-width: 396px) 100vw, 396px\" \/><\/div><\/div><\/div><\/div><div class=\"cz_gap clr  hide_on_tablet hide_on_mobile\" style=\"height: 10px\"><\/div><div class=\"cz_gap show_on_tablet clr \" style=\"height: 50px\"><\/div>[\/vc_column][vc_column width=\u00bb2\/3&#8243;]<div id=\"cz_17798\" class=\"cz_17798 cz_title clr cz_title_has_icon cz_title_pos_inline\"><div class=\"cz_title_shape shape_text cz_shape_1\">SERVICIOS<\/div><div class=\"cz_title_content\"><span class=\"cz_title_icon_before cz_title_image\"><img width=\"53\" height=\"54\" src=\"data:image\/svg+xml,%3Csvg%20xmlns%3D&#39;http%3A%2F%2Fwww.w3.org%2F2000%2Fsvg&#39;%20width=&#39;53&#39;%20height=&#39;54&#39;%20viewBox%3D&#39;0%200%2053%2054&#39;%2F%3E\" data-czlz data-src=\"http:\/\/www.divinasonrisa.com.ve\/site\/wp-content\/uploads\/2020\/05\/odontopediatria-divina-sonrisa-1.png\" class=\"attachment-thumbnail\" alt=\"odontopediatria\" title=\"Odontopediatr\u00eda\" \/><\/span><div class=\"cz_wpe_content\"><p><span style=\"color: #808080;\">Inv. Divina Sonrisa<\/span><\/p>\n<h3>Odontopediatr\u00eda<\/h3>\n<\/div><\/div><\/div><div class=\"cz_gap clr  hide_on_tablet hide_on_mobile\" style=\"height: 35px\"><\/div><div class=\"cz_gap show_on_tablet clr  show_only_tablet\" style=\"height: 20px\"><\/div><div class=\"cz_gap show_on_mobile clr\" style=\"height: 20px\"><\/div><div id=\"cz_70667\" class=\"cz_70667 cz_sml\"><div class=\"cz_sml_inner\"><div class=\"cz_wpe_content\">[vc_column_text]<\/p>\n<div class=\"wpb_wrapper\">\n<p>Odontopediatra y ortopedia funcional de los maxilares<\/p>\n<p>El Odontopediatra u odont\u00f3logo pedi\u00e1trico se especializa en el diagn\u00f3stico, prevenci\u00f3n y tratamiento de las enfermedades bucales de ni\u00f1os y adolescentes. Este especialista tiene entrenamiento especial en t\u00e9cnicas de manejo psicol\u00f3gico de infantes y utiliza equipos y procedimientos especiales para tratar a estos pacientes infantiles. Adem\u00e1s est\u00e1 en la capacidad de realizar tratamientos puntuales u \/o oportunos con lo relacionado a las mal posiciones dentarias en ni\u00f1os desde el momento en que aparecen las mismas.<\/p>\n<p>La consulta con el Odontopediatra, deber\u00edan iniciar a partir de los 6 meses de edad, no es necesario esperar que el ni\u00f1o tenga dientes.<\/p>\n<\/div>\n<p>[\/vc_column_text]<\/div><div class=\"cz_sml_overlay\"><\/div><\/div><a id=\"cz_show_more_less_btn\" href=\"#more_less\"><span>Mostrar m\u00e1s<i class=\"fa fa-angle-down ml8\"><\/i><\/span><span>Mostrar menos<i class=\"fa fa-angle-up ml8\"><\/i><\/span><\/a><\/div><div class=\"cz_gap clr  hide_on_mobile\" style=\"height: 1px\"><\/div><div class=\"cz_gap show_on_mobile clr\" style=\"height: 30px\"><\/div>[\/vc_column][\/vc_row][vc_row full_width=\u00bbstretch_row\u00bb css=\u00bb.vc_custom_1589913113766{padding-top: 60px !important;padding-bottom: 60px !important;background-color: rgba(126,67,131,0.1) !important;*background-color: rgb(126,67,131) !important;}\u00bb][vc_column width=\u00bb2\/3&#8243;]<div id=\"cz_108871\" class=\"cz_108871 cz_title clr cz_smart_fs cz_mobile_text_center cz_title_pos_left\"><div class=\"cz_title_shape shape_text cz_shape_1\">ODONTOLOG\u00cdA<\/div><div class=\"cz_title_content\"><div class=\"cz_wpe_content\"><p style=\"text-align: left;\"><span style=\"color: #808080;\">Inv. Divina Sonrisa<\/span><\/p>\n<h3 style=\"text-align: left;\">Tratamientos que\u00a0<span style=\"color: #7e4383;\">que realiza:<\/span><\/h3>\n<\/div><\/div><\/div><div class=\"cz_gap clr  hide_on_tablet hide_on_mobile\" style=\"height: 55px\"><\/div><div class=\"cz_gap show_on_tablet clr  show_only_tablet\" style=\"height: 40px\"><\/div><div class=\"cz_gap show_on_mobile clr\" style=\"height: 40px\"><\/div><ul id=\"cz_42064\" class=\"cz_42064 cz_stylish_list clr cz_sl_icon_hover_zoom_in\"><li class=\"clr\"><div class=\"cz_sl_icon\"><i class=\"fa fa-check mr10\"><\/i><\/div><div><span>Adaptaci\u00f3n a la consulta del ni\u00f1o, ni\u00f1a y adolescentes<\/span><\/div><\/li><li class=\"clr\"><div class=\"cz_sl_icon\"><i class=\"fa fa-check mr10\"><\/i><\/div><div><span>Tratamientos de conductos en dientes primarios<\/span><\/div><\/li><li class=\"clr\"><div class=\"cz_sl_icon\"><i class=\"fa fa-check mr10\"><\/i><\/div><div><span>Restauraciones est\u00e9ticas en dientes primarios y dientes permanentes j\u00f3venes<\/span><\/div><\/li><li class=\"clr\"><div class=\"cz_sl_icon\"><i class=\"fa fa-check mr10\"><\/i><\/div><div><span>Pr\u00f3tesis en ni\u00f1os<\/span><\/div><\/li><li class=\"clr\"><div class=\"cz_sl_icon\"><i class=\"fa fa-check mr10\"><\/i><\/div><div><span>Aparatolog\u00eda de ortopedia funcional de los maxilares<\/span><\/div><\/li><li class=\"clr\"><div class=\"cz_sl_icon\"><i class=\"fa fa-check mr10\"><\/i><\/div><div><span>Ortodoncia interceptiva<\/span><\/div><\/li><li class=\"clr\"><div class=\"cz_sl_icon\"><i class=\"fa fa-check mr10\"><\/i><\/div><div><span>Microabrasi\u00f3n dentaria atenci\u00f3n de alteraciones de esmalte dentario tales como fluorosis dentarias hipoplasias de esmalte o s\u00edndrome incisivo-molar)<\/span><\/div><\/li><li class=\"clr\"><div class=\"cz_sl_icon\"><i class=\"fa fa-check mr10\"><\/i><\/div><div><span>Blanqueamiento dentario<\/span><\/div><\/li><\/ul>[\/vc_column][vc_column width=\u00bb1\/3&#8243;]<div class=\"cz_gap clr  hide_on_tablet hide_on_mobile\" style=\"height: 50px\"><\/div><div class=\"cz_gap show_on_tablet clr  show_only_tablet\" style=\"height: 40px\"><\/div><div class=\"cz_gap show_on_mobile clr\" style=\"height: 40px\"><\/div><div id=\"cz_26554\" class=\"cz_26554 cz_image clr cz_image_no_fx center_on_mobile\"><div class=\"\" ><div class=\"cz_image_in\"><div class=\"cz_main_image\"><img width=\"169\" height=\"166\" src=\"data:image\/svg+xml,%3Csvg%20xmlns%3D&#39;http%3A%2F%2Fwww.w3.org%2F2000%2Fsvg&#39;%20width=&#39;169&#39;%20height=&#39;166&#39;%20viewBox%3D&#39;0%200%20169%20166&#39;%2F%3E\" data-czlz data-src=\"http:\/\/www.divinasonrisa.com.ve\/site\/wp-content\/uploads\/2020\/05\/cita-divina-sonrisa.png\" class=\"attachment-full\" alt=\"cita-divina-sonrisa\" title=\"\" \/><\/div><\/div><\/div><\/div><div class=\"cz_btn_center\"><div class=\"cz_21716_p\"><a id=\"cz_21716\" class=\"cz_21716 cz_btn cz_btn_txt_move_right cz_btn_absorber cz_btn_icon_after\" href=\"#cita\"><span><strong>Haz una cita<\/strong><i class=\"fa fa-angle-double-right\"><\/i><\/span><b class=\"cz_btn_onhover\"><strong>Haz una cita<\/strong><i class=\"fa fa-angle-double-right\"><\/i><\/b><\/a><\/div><\/div>[\/vc_column][\/vc_row][vc_row][vc_column]<div class=\"cz_gap show_on_tablet clr  show_only_tablet\" style=\"height: 100px\"><\/div><div class=\"cz_gap show_on_mobile clr\" style=\"height: 100px\"><\/div>[\/vc_column][\/vc_row]<\/p>\n","protected":false},"excerpt":{"rendered":"<p>[vc_row][vc_column][\/vc_column][\/vc_row][vc_row][vc_column width=\u00bb1\/3&#8243;][\/vc_column][vc_column width=\u00bb2\/3&#8243;][\/vc_column][\/vc_row][vc_row full_width=\u00bbstretch_row\u00bb css=\u00bb.vc_custom_1589913113766{padding-top: 60px !important;padding-bottom: 60px !important;background-color: rgba(126,67,131,0.1) !important;*background-color: &#8230; <\/p>\n","protected":false},"author":1,"featured_media":0,"parent":0,"menu_order":0,"comment_status":"closed","ping_status":"closed","template":"","meta":[],"yoast_head":"<!-- This site is optimized with the Yoast SEO plugin v18.6 - https:\/\/yoast.com\/wordpress\/plugins\/seo\/ -->\n<title>Odontopediatr\u00eda - Divina Sonrisa<\/title>\n<meta name=\"description\" content=\"El Odontopediatra u odont\u00f3logo pedi\u00e1trico se especializa en el diagn\u00f3stico, prevenci\u00f3n y tratamiento de las enfermedades bucales de ni\u00f1os y adolescentes.\" \/>\n<meta name=\"robots\" content=\"index, follow, max-snippet:-1, max-image-preview:large, max-video-preview:-1\" \/>\n<link rel=\"canonical\" href=\"http:\/\/www.divinasonrisa.com.ve\/site\/odontopediatria\/\" \/>\n<meta property=\"og:locale\" content=\"es_ES\" \/>\n<meta property=\"og:type\" content=\"article\" \/>\n<meta property=\"og:title\" content=\"Odontopediatr\u00eda - Divina Sonrisa\" \/>\n<meta property=\"og:description\" content=\"El Odontopediatra u odont\u00f3logo pedi\u00e1trico se especializa en el diagn\u00f3stico, prevenci\u00f3n y tratamiento de las enfermedades bucales de ni\u00f1os y adolescentes.\" \/>\n<meta property=\"og:url\" content=\"http:\/\/www.divinasonrisa.com.ve\/site\/odontopediatria\/\" \/>\n<meta property=\"og:site_name\" content=\"Divina Sonrisa\" \/>\n<meta property=\"article:publisher\" content=\"https:\/\/www.facebook.com\/divinasonrisa.valencia\/\" \/>\n<meta property=\"article:modified_time\" content=\"2020-07-15T18:45:38+00:00\" \/>\n<meta name=\"twitter:card\" content=\"summary_large_image\" \/>\n<meta name=\"twitter:site\" content=\"@divinasonrisa_\" \/>\n<meta name=\"twitter:label1\" content=\"Tiempo de lectura\" \/>\n\t<meta name=\"twitter:data1\" content=\"4 minutos\" \/>\n<script type=\"application\/ld+json\" class=\"yoast-schema-graph\">{\"@context\":\"https:\/\/schema.org\",\"@graph\":[{\"@type\":\"Organization\",\"@id\":\"http:\/\/www.divinasonrisa.com.ve\/site\/#organization\",\"name\":\"Centro de Especialidades Odontol\u00f3gicas\",\"url\":\"http:\/\/www.divinasonrisa.com.ve\/site\/\",\"sameAs\":[\"https:\/\/www.facebook.com\/divinasonrisa.valencia\/\",\"https:\/\/www.instagram.com\/divinasonrisa\/\",\"https:\/\/twitter.com\/divinasonrisa_\"],\"logo\":{\"@type\":\"ImageObject\",\"@id\":\"http:\/\/www.divinasonrisa.com.ve\/site\/#logo\",\"inLanguage\":\"es\",\"url\":\"http:\/\/www.divinasonrisa.com.ve\/site\/wp-content\/uploads\/2020\/05\/logo-divina-sonrisa-II.png\",\"contentUrl\":\"http:\/\/www.divinasonrisa.com.ve\/site\/wp-content\/uploads\/2020\/05\/logo-divina-sonrisa-II.png\",\"width\":81,\"height\":81,\"caption\":\"Centro de Especialidades Odontol\u00f3gicas\"},\"image\":{\"@id\":\"http:\/\/www.divinasonrisa.com.ve\/site\/#logo\"}},{\"@type\":\"WebSite\",\"@id\":\"http:\/\/www.divinasonrisa.com.ve\/site\/#website\",\"url\":\"http:\/\/www.divinasonrisa.com.ve\/site\/\",\"name\":\"Inv. Divina Sonrisa\",\"description\":\"Centro de Especialidades Odontol\u00f3gicas\",\"publisher\":{\"@id\":\"http:\/\/www.divinasonrisa.com.ve\/site\/#organization\"},\"potentialAction\":[{\"@type\":\"SearchAction\",\"target\":{\"@type\":\"EntryPoint\",\"urlTemplate\":\"http:\/\/www.divinasonrisa.com.ve\/site\/?s={search_term_string}\"},\"query-input\":\"required name=search_term_string\"}],\"inLanguage\":\"es\"},{\"@type\":\"WebPage\",\"@id\":\"http:\/\/www.divinasonrisa.com.ve\/site\/odontopediatria\/#webpage\",\"url\":\"http:\/\/www.divinasonrisa.com.ve\/site\/odontopediatria\/\",\"name\":\"Odontopediatr\u00eda - Divina Sonrisa\",\"isPartOf\":{\"@id\":\"http:\/\/www.divinasonrisa.com.ve\/site\/#website\"},\"datePublished\":\"2020-05-19T20:59:53+00:00\",\"dateModified\":\"2020-07-15T18:45:38+00:00\",\"description\":\"El Odontopediatra u odont\u00f3logo pedi\u00e1trico se especializa en el diagn\u00f3stico, prevenci\u00f3n y tratamiento de las enfermedades bucales de ni\u00f1os y adolescentes.\",\"breadcrumb\":{\"@id\":\"http:\/\/www.divinasonrisa.com.ve\/site\/odontopediatria\/#breadcrumb\"},\"inLanguage\":\"es\",\"potentialAction\":[{\"@type\":\"ReadAction\",\"target\":[\"http:\/\/www.divinasonrisa.com.ve\/site\/odontopediatria\/\"]}]},{\"@type\":\"BreadcrumbList\",\"@id\":\"http:\/\/www.divinasonrisa.com.ve\/site\/odontopediatria\/#breadcrumb\",\"itemListElement\":[{\"@type\":\"ListItem\",\"position\":1,\"name\":\"Portada\",\"item\":\"http:\/\/www.divinasonrisa.com.ve\/site\/\"},{\"@type\":\"ListItem\",\"position\":2,\"name\":\"Odontopediatr\u00eda\"}]}]}<\/script>\n<!-- \/ Yoast SEO plugin. -->","yoast_head_json":{"title":"Odontopediatr\u00eda - Divina Sonrisa","description":"El Odontopediatra u odont\u00f3logo pedi\u00e1trico se especializa en el diagn\u00f3stico, prevenci\u00f3n y tratamiento de las enfermedades bucales de ni\u00f1os y adolescentes.","robots":{"index":"index","follow":"follow","max-snippet":"max-snippet:-1","max-image-preview":"max-image-preview:large","max-video-preview":"max-video-preview:-1"},"canonical":"http:\/\/www.divinasonrisa.com.ve\/site\/odontopediatria\/","og_locale":"es_ES","og_type":"article","og_title":"Odontopediatr\u00eda - Divina Sonrisa","og_description":"El Odontopediatra u odont\u00f3logo pedi\u00e1trico se especializa en el diagn\u00f3stico, prevenci\u00f3n y tratamiento de las enfermedades bucales de ni\u00f1os y adolescentes.","og_url":"http:\/\/www.divinasonrisa.com.ve\/site\/odontopediatria\/","og_site_name":"Divina Sonrisa","article_publisher":"https:\/\/www.facebook.com\/divinasonrisa.valencia\/","article_modified_time":"2020-07-15T18:45:38+00:00","twitter_card":"summary_large_image","twitter_site":"@divinasonrisa_","twitter_misc":{"Tiempo de lectura":"4 minutos"},"schema":{"@context":"https:\/\/schema.org","@graph":[{"@type":"Organization","@id":"http:\/\/www.divinasonrisa.com.ve\/site\/#organization","name":"Centro de Especialidades Odontol\u00f3gicas","url":"http:\/\/www.divinasonrisa.com.ve\/site\/","sameAs":["https:\/\/www.facebook.com\/divinasonrisa.valencia\/","https:\/\/www.instagram.com\/divinasonrisa\/","https:\/\/twitter.com\/divinasonrisa_"],"logo":{"@type":"ImageObject","@id":"http:\/\/www.divinasonrisa.com.ve\/site\/#logo","inLanguage":"es","url":"http:\/\/www.divinasonrisa.com.ve\/site\/wp-content\/uploads\/2020\/05\/logo-divina-sonrisa-II.png","contentUrl":"http:\/\/www.divinasonrisa.com.ve\/site\/wp-content\/uploads\/2020\/05\/logo-divina-sonrisa-II.png","width":81,"height":81,"caption":"Centro de Especialidades Odontol\u00f3gicas"},"image":{"@id":"http:\/\/www.divinasonrisa.com.ve\/site\/#logo"}},{"@type":"WebSite","@id":"http:\/\/www.divinasonrisa.com.ve\/site\/#website","url":"http:\/\/www.divinasonrisa.com.ve\/site\/","name":"Inv. Divina Sonrisa","description":"Centro de Especialidades Odontol\u00f3gicas","publisher":{"@id":"http:\/\/www.divinasonrisa.com.ve\/site\/#organization"},"potentialAction":[{"@type":"SearchAction","target":{"@type":"EntryPoint","urlTemplate":"http:\/\/www.divinasonrisa.com.ve\/site\/?s={search_term_string}"},"query-input":"required name=search_term_string"}],"inLanguage":"es"},{"@type":"WebPage","@id":"http:\/\/www.divinasonrisa.com.ve\/site\/odontopediatria\/#webpage","url":"http:\/\/www.divinasonrisa.com.ve\/site\/odontopediatria\/","name":"Odontopediatr\u00eda - Divina Sonrisa","isPartOf":{"@id":"http:\/\/www.divinasonrisa.com.ve\/site\/#website"},"datePublished":"2020-05-19T20:59:53+00:00","dateModified":"2020-07-15T18:45:38+00:00","description":"El Odontopediatra u odont\u00f3logo pedi\u00e1trico se especializa en el diagn\u00f3stico, prevenci\u00f3n y tratamiento de las enfermedades bucales de ni\u00f1os y adolescentes.","breadcrumb":{"@id":"http:\/\/www.divinasonrisa.com.ve\/site\/odontopediatria\/#breadcrumb"},"inLanguage":"es","potentialAction":[{"@type":"ReadAction","target":["http:\/\/www.divinasonrisa.com.ve\/site\/odontopediatria\/"]}]},{"@type":"BreadcrumbList","@id":"http:\/\/www.divinasonrisa.com.ve\/site\/odontopediatria\/#breadcrumb","itemListElement":[{"@type":"ListItem","position":1,"name":"Portada","item":"http:\/\/www.divinasonrisa.com.ve\/site\/"},{"@type":"ListItem","position":2,"name":"Odontopediatr\u00eda"}]}]}},"_links":{"self":[{"href":"http:\/\/www.divinasonrisa.com.ve\/site\/wp-json\/wp\/v2\/pages\/964"}],"collection":[{"href":"http:\/\/www.divinasonrisa.com.ve\/site\/wp-json\/wp\/v2\/pages"}],"about":[{"href":"http:\/\/www.divinasonrisa.com.ve\/site\/wp-json\/wp\/v2\/types\/page"}],"author":[{"embeddable":true,"href":"http:\/\/www.divinasonrisa.com.ve\/site\/wp-json\/wp\/v2\/users\/1"}],"replies":[{"embeddable":true,"href":"http:\/\/www.divinasonrisa.com.ve\/site\/wp-json\/wp\/v2\/comments?post=964"}],"version-history":[{"count":7,"href":"http:\/\/www.divinasonrisa.com.ve\/site\/wp-json\/wp\/v2\/pages\/964\/revisions"}],"predecessor-version":[{"id":1168,"href":"http:\/\/www.divinasonrisa.com.ve\/site\/wp-json\/wp\/v2\/pages\/964\/revisions\/1168"}],"wp:attachment":[{"href":"http:\/\/www.divinasonrisa.com.ve\/site\/wp-json\/wp\/v2\/media?parent=964"}],"curies":[{"name":"wp","href":"https:\/\/api.w.org\/{rel}","templated":true}]}}